e (-11 - -16) + -8 + 4 + 1.
2
Evaluate -2 + 6 + (21 - 8).
17
What is the value of 7 - (4 - 7) - (3 - -1) - 15?
-9
Calculate 41 + -26 + 17 + -5 - 9.
18
-1 - (-5 - -4 - (-5 - (4 + -4)))
-5
2 + -2 + 8 + -3 + 24 + -16
13
What is the value of 12 - 19 - (7 + (-4 - 8))?
-2
-9 - (7 + -1 + -6)
-9
Evaluate -28 + (-3 - (-25 + 3)).
-9
(-9 - (36 + -34)) + -5
-16
-15 + -36 - -25 - -37
11
Evaluate 17 - 30 - (-10 + 2).
-5
What is the value of -5 - 45 - -43 - (0 - -19)?
-26
Evaluate -2 - (3 - (-9 - -22)).
8
What is the value of -6 + 4 + -5 - 6 - (4 + 2)?
-19
-1 + -6 - (69 + -81)
5
Evaluate 24 + 33 + (-24 - 49).
-16
What is (-6 - -3 - -3) + (12 - 3 - 4)?
5
What is 18 + -5 - (11 - (14 - (-1 + -3)))?
20
What is 8 + (-16 + 0 - 0) - -36?
28
What is 22 + -14 + (1 - 0 - 9) - -29?
29
What is the value of -25 + 31 - (21 - -1)?
-16
Evaluate (-438 - -462) + -27 + 2.
-1
-9 - (-2 - -4) - (106 + -133)
16
Evaluate (-4 - -4 - -1) + -3 + 0 + 1.
-1
-103 + -2 + 49 + -2 + 20
-38
What is (-15 - (-6 - 0)) + 2 + -6?
-13
What is (-15 - -7) + 13 + -14?
-9
Evaluate (-29 - -20) + (23 - (2 - -2)).
10
What is 10 - (-1 + 11 + -1 + -10)?
11
Calculate -75 + 20 + 58 + -27.
-24
Calculate (250 - 249) + (1 - (4 + 2)).
-4
Calculate 20 + (-35 - -49) - 13.
21
10 - 0 - (17 + -19 + 29 + 7)
-24
What is (-12 - -26) + 1 - 15?
0
3 - 2 - (21 - ((-8 - 2) + 20))
-10
Evaluate 43 + -50 + (-1 - -3 - -2) - 7.
-10
What is (12 - (-5 + 5)) + 15?
27
What is (-1 + -19 - -28) + -28?
-20
1 - 9 - (8 - (17 - 5))
-4
What is the value of 3 - (-4 - -3) - (1 + -9)?
12
What is the value of 52 - (22 + 0) - 5?
25
Calculate 16 + (-5 - (-4 - 3) - (-1 - -1)).
18
What is 13 - ((37 + -32 - -3) + (-3 - -1))?
7
42 - ((19 - 32) + 34)
21
Calculate (6 - (-25 - (-25 + 12))) + -3.
15
What is -1 - (-44 + 33 - 1)?
11
What is -57 - -49 - (5 - (2 - (-2 - -3)))?
-12
Calculate -12 - 1 - (-1172 + 1182).
-23
-3 - (-15 + 0 + 2 + (34 - 29))
5
What is 10 - (-1 + -6 + (28 - 33))?
22
-11 + 5 + -3 - (-23 - -1)
13
What is the value of -1 + -2 + 9 - (387 - 382)?
1
What is -11 + 12 + -11 + 14 - (-7 - 0)?
11
Evaluate 26 + -47 - (-34 - -23).
-10
What is 5 + -6 + 6 + (1 - 4) + -9?
-7
What is 35 - (34 - (29 + -7))?
23
Calculate 2 + (8 - 10) + 3 - 5.
-2
-65 + 56 - (-4 - 8)
3
Evaluate 4 + -2 - -11 - (-566 - -588).
-9
(-6 - (-5 + -10)) + 3 + (-8 - 8)
-4
What is -9 + (-1 - -3) + 10?
3
What is the value of 1 - -5 - (-3 + 1 + (-15 - -11))?
12
What is the value of -11 - -9 - (-24 + -11 + 23)?
10
What is 9 + -1 - (-7 + 25)?
-10
1 + (1 + 6 - 4) + 6
10
Evaluate -7 - (-3 - (-12 + 36)).
20
What is the value of -1 - 5 - (3 + 7 + -5)?
-11
What is the value of 14 - ((1 - 7) + (-6 + -7 - -14))?
19
What is the value of 234 + -247 + 16 + 0?
3
What is (0 - 1) + (0 - 6 - (28 + -32))?
-3
Evaluate -4 + 12 + (-7 - -1).
2
-10 - (10 + (-11 - -7) - 14)
-2
Calculate 13 + -7 + -9 + 4.
1
What is 3 + 1 + (7 - (9 + 0 - 6))?
8
What is the value of -11 - (-7 - 0) - (3 + (6 - 1))?
-12
What is 0 - (-3 + 2 + 6 + -17 + 11)?
1
What is 1 + -15 + (-50 + 69 - 25)?
-20
What is the value of (17 - 14) + 5 + (1 + -5 - -2)?
6
Calculate -12 + 18 + -7 + -6 + -14.
-21
What is 9 + (-75 + 70 - (-1 + 2 - 3))?
6
Evaluate 285 - 272 - (0 - 1).
14
Evaluate (-10 - 5 - -39 - 15) + (-25 - 1).
-17
What is the value of 10 + 0 + -3 + 2 + (238 - 261)?
-14
Calculate -5 + -5 - (5 + -17 + -12).
14
What is the value of (1 - (-3 - -1 - -1 - -3)) + -8?
-9
Calculate -5 - (10 + -6 + -5 + (3 - -1)).
-8
Evaluate 0 - -2 - -2 - (3 + 0 - 8).
9
Calculate 3 + (-33 - (6 - 24)).
-12
(902 - 878) + (1 - 25)
0
Evaluate -1 - (-6 - (-5 - 12)).
-12
What is the value of 20 + -12 + 8 + -4?
12
What is the value of (-15 - -2) + (-23 - (7 + -41))?
-2
What is the value of -9 + -9 + 22 + 0?
4
Calculate (20 - (-53 + 95)) + (0 - -6).
-16
Calculate 8 + -7 + 6 + (1 - -6) + -1.
13
Calculate 23 - (0 - (-3 - -9)) - 8.
21
What is the value of (14 - 8 - 10) + -1 + 16?
11
What is the value of -22 + 39 + 2 - 28?
-9
Evaluate -23 + 1 + (61 + -32 - 21).
-14
-4 + 0 + (-22 - ((20 - 9) + -51))
14
Evaluate 12 - -2 - (102 + -68).
-20
What is 6 + -2 + -10 - -7?
1
What is 9 - (15 + -10) - ((-1 - 2) + -1)?
8
What is (0 - 7) + (-57 + 34 - -31) + 7?
8
Calculate -15 - (-7 + 1 - (2 - (-6 + 11))).
-12
What is the value of 16 - -2 - (-24 - -38)?
4
-3 - (0 + -3 + -1 + (25 - 0))
-24
What is the value of -52 + 63 - ((-2 - -17) + -3)?
-1
-6 + 16 + -15 - ((1 - 2) + -17)
13
Evaluate 2 + (2 - 18 - -19).
5
What is -14 + (-4 - (14 + 2 + -13))?
-21
Calculate -1 - (3 + (4 + -2 - -3)).
-9
What is the value of (1 + -3 - -4 - 11) + 4?
-5
Evaluate (4 - 4) + (3 - 3) + (4 - 9).
-5
Evaluate (-5 - -3) + (3 - -3) + (0 - 5).
-1
What is the value of -10 + 15 + (17 - 36)?
-14
(8 - (-1 - -12)) + 0 - 19
-22
Evaluate -7 + (-13 - (12 - 20)).
-12
-16 - (-20 - -11 - 4) - -11
8
Evaluate 12 - (23 + 1 - 8).
-4
Calculate 10 + (-44 - (13 + -10 + -10)).
-27
-14 + (2 + -7 - -38) + 6
25
What is -14 - (-40 + 12) - (-1 + 8)?
7
Calculate -113 - -99 - (-1 + -9) - -3.
-1
Evaluate (12 - 0) + (-51 - -30) + 9.
0
3 + (-14 - -25) + -8 - (-1 + -3)
10
Evaluate 19 - 7 - (-6 + (-4 + -1 - -59)).
-36
What is the value of 1 + -24 + 1 + (-57 - (-164 - -110))?
-25
Evaluate 57 + -75 - (-15 - -8).
-11
What is -4 + (-2 - -11) + -13?
-8
Evaluate -1 + -2 - (1 - 9).
5
Evaluate -5 - (-7 - -6) - (34 + -5) - -10.
-23
What is 17 - (-1 + -21 + 16)?
23
Calculate 83 + -91 + 1 + 7 + 2.
2
What is 48 + -35 + -3 + -2?
8
Evaluate 31 + -15 + -13 - (1 + 0 + 1).
1
What is the value of (-10 + 18 - 8) + -2 + 20?
18
What is the value of -11 + 8 - (-5 + 3 + 1)?
-2
What is the value of -18 + 15 - (0 + 8) - (8 + -6)?
-13
Calculate 27 - (11 - ((-12 - -12) + 1)).
17
What is the value of (-5 - -20) + -1 + -10?
4
Calculate -3 - 15 - 9 - -24.
-3
What is the value of (10 - -4) + -27 + 16?
3
What is the value of -6 + 11 - (-12 + 21)?
-4
Evaluate 1 + -5 + (-7 - -5) + 39 + -32.
1
Evaluate -3 - (3 + -5 + -2 + 7).
-6
Evaluate -38 - (14 - -2 - 21).
-33
What is the value of 5 - 9 - -26 - (-1 - (-9 + 0))?
14
What is the value of (10 - -5) + (-13 - -8 - 35)?
-25
Calculate -2 - (0 - -2) - (6 + -7 + 9).
-12
What is the value of 1 - 5 - (24 + (19 - 34))?
-13
Evaluate 20 - 41 - (4 + -20) - (-20 + 1).
14
Evaluate 7 + 6 - 8 - 14 - -9 - 15.
-15
Evaluate (19 - 15) + ((5 - 34) + -4 - 1).
-30
Calculate 64 - (-8 - -47) - (1 - (0 + -2)).
22
(-5 - (6 - 11) - 1) + 3 - 18
-16
Calculate 74 + -86 + (10 - (1 - 0)).
-3
What is the value of 23 + -24 + 26 + (2 - 1)?
26
Calculate 1 - 4 - (-71 - -76) - -3.
-5
What is 0 + 4 + 14 + (-13 - 0)?
5
Calculate 30 + (38 + -18 - 24).
26
What is (-13 - (-15 + (-4 - -19))) + -1?
-14
What is 3 - 16 - ((1 - -5) + -12)?
-7
(13 - 16 - 7) + (5 + -1 - -6)
0
What is -10 + (4 - -8) - (3 + -5 - -6)?
-2
What is (2 - (-2 + -6 - (-9 - -7))) + 1?
9
Evaluate -7 + 44 + -37 + (-1 - 0).
-1
Evaluate 16 + -18 + (2 - -2).
2
3 + 3 + -7 + (-4 - 16)
-21
Calculate (-17 - -1 - ((19 - 1) + -16)) + 0.
-18
Calculate -5 - (10 + 21 - 13).
-23
What is -1 + 20 + -305 + 307 + (-1 - 5)?
15
Evaluate -8 - -11 - (35 - 5 - 7 - 2).
-18
Evaluate (-22 - -7) + 43 + -34.
-6
Calculate 6 + -29 + 32 + 3.
12
What is 12 + (28 + -5 - 11) - -6?
30
What is -5 - (-2 - 2 - 2) - -8?
9
Evaluate (14 - (2 + -1)) + (84 - 37 - 46).
14
Calculate -26 - -1 - (-341 - -327).
-11
Calculate -10 - (-10 + 5 + 15 + -14).
-6
(-4 - -7) + (2 - -3)
8
Calculate 20 + (25 - 36) + 6.
15
Evaluate (-14 + 0 - (-4 - -2)) + 129 + -142.
-25
What is the value of 2 - (-3 - (-13 - ((0 - 0) + -2)))?
-6
Evaluate (10 + -11 - 0) + -10.
-11
Evaluate -10 + (-17 - ((-15 - -6) + 5)).
-23
What is the value of (34 - 36 - (-1 + 2)) + 23 - 8?
12
Calculate -22 + -2 + 0 + 7 + -17 + 24.
-10
What is the value of -37 + 46 + -11 + 12?
10
What is -5 + 16 + 5 + 9 + 0 + 6?
31
Evaluate -14 + 12 - (4 - 11) - 8.
-3
What is the value of 2 - 5 - (-20 - (-11 + 3))?
9
Evaluate (1 - -4) + -28 + (1 - -11).
-11
What is -1 - -6 - (-5 - (11 + (-6 - -2)))?
17
((-1 - -8) + -21 - -7) + (-1 - 4)
-12
What is the value of -10 - ((19 - 16) + 5)?
-18
What is (16 - (16 + -1)) + (1 - 2) + 2?
2
(-1 - -9) + (19 - 10) + -2 - 5
10
What is the value of -31 + -31 + 32 + (5 - (-3 - 1))?
-21
What is the value of 9 + 1 + (-18 - -2) + 9?
3
Calculate -1226 - -1268 - (0 - -30).
12
What is the value of (1 - -6) + (148 - 161)?
-6
-34 - (-56 + 24 + -15)
13
Calculate 52 - 38 - (4 + -11 - (-7 - -